culate the greatest common divisor of 23 and x.
23
Let x be 25158/12 - 1/2. What is the highest common factor of x and 32?
16
Let u be 8/28 + (-4)/14. Let d(s) = -2*s - s - s**3 + 1 + 3*s**2 + 7*s + u*s. Let q be d(3). What is the highest common factor of q and 13?
13
Let v(t) be the second derivative of -t**5/20 + 3*t**4/4 + 3*t**2 + 11*t. Let s be v(9). Calculate the highest common factor of 6 and s.
6
Suppose 3*v = -15, 14*m - 9*m + v = 155. Calculate the highest common divisor of 48 and m.
16
Let x be 660/(-24)*(-16)/20. What is the greatest common divisor of x and 594?
22
Let w(y) = 10*y**2 - 10*y - 9. Let p be w(-11). Calculate the greatest common factor of p and 69.
69
Let d be (39/9)/(1/6). Let m be 54/36 - (-2)/4. Let n be m + (3/9)/((-8)/(-264)). Calculate the highest common divisor of n and d.
13
Let j = 28 - 12. Let t be (j/10)/(4/80). Suppose 3*z - 3*i = -4*i + t, 5*i + 60 = 5*z. Calculate the greatest common factor of z and 44.
11
Suppose -9*m - 4*x + 1240 = -5*m, 0 = m - 4*x - 320. What is the highest common factor of 24 and m?
24
Suppose -f + o + 37 = -0*f, f + 3*o = 33. Let g = 46 + -22. What is the greatest common divisor of f and g?
12
Let z = 17 - 14. Let c(w) = w**3 - 2*w**2 - w + 1. Let r be c(z). Let p = 4 - 3. What is the highest common divisor of p and r?
1
Let y = 520 + -70. What is the greatest common factor of y and 18?
18
Let m be (-35642)/(-251)*1*(0 - -1). Calculate the highest common divisor of 1207 and m.
71
Suppose 2*y - 457 = -2*n + 139, -3*y = -5*n + 1514. Calculate the greatest common divisor of 7 and n.
7
Suppose -5*p = -2*p + 12. Let n be (-3)/4*p - -57. Suppose 2*b + n = 8*b. What is the greatest common factor of b and 4?
2
Let k = -55 - -208. Suppose -4*t + 3 = -5. Let o(n) = 4*n**2 + n - 1. Let v be o(t). Calculate the highest common divisor of k and v.
17
Let u(i) = -5*i + 4*i + i + 2*i - 26. Let a be u(28). Calculate the highest common divisor of 20 and a.
10
Let f(p) = 2*p**2 + 33*p + 86. Let c be f(-3). Let m = -32 + 57. What is the highest common divisor of c and m?
5
Let f = 135 - 118. Calculate the greatest common factor of 17 and f.
17
Let j be (-172)/(-14) + 14/(-49) + -6. What is the greatest common factor of j and 426?
6
Let p be (-4 - (-5 - 60)) + 3. What is the highest common factor of 4 and p?
4
Suppose -33*x = -23*x - 1880. Calculate the greatest common factor of 141 and x.
47
Suppose 4*k - 3*k = 48. Suppose -2*h + 11 = -1. What is the highest common divisor of k and h?
6
Let q = 2 - -14. Suppose 3*i - q = 14. Calculate the greatest common factor of 110 and i.
10
Suppose 2016 = 2402*t - 2386*t. Calculate the greatest common factor of t and 14.
14
Let w be (-3)/(-1)*(-1 - (4 + -62)). Suppose -3*o + w = -99. What is the highest common factor of 9 and o?
9
Let z be (77/2)/((-3)/12*2). Let a = z + 79. Calculate the highest common factor of 22 and a.
2
Suppose -17985 = -6*n - 27*n. What is the greatest common divisor of n and 327?
109
Suppose 3*t - 45 = -2*x, 4*t + 18 + 2 = 0. Calculate the highest common factor of x and 12.
6
Let v be (-490)/(-18) - 10/45. Let x(f) = -3*f + 6. Let c be x(-7). What is the greatest common divisor of c and v?
27
Let o(c) = 10*c - 128. Let k be o(13). What is the highest common factor of 10 and k?
2
Suppose -m - 3*c = -11, 2*c - 3*c = 5*m + 15. Let j be 2*m/(-6)*(-171)/(-6). Calculate the highest common factor of j and 342.
38
Let i(r) = r**2 - 5*r - 1. Let c be i(7). Let t = c - -27. Let z(b) = b + 10. Let j be z(0). Calculate the highest common divisor of j and t.
10
Let q(o) = 2*o**2 - 15*o + 102. Let n be q(18). Calculate the greatest common divisor of n and 30.
30
Let k(m) = -83*m + 5. Let t be k(-1). Suppose -4*j - 1 + 29 = 4*z, -3*z = 3. Calculate the highest common factor of j and t.
8
Let c be (-210)/(-56) - (-3)/(-4). Let f be c/(-4 - 57/(-12)). Suppose 0*s + 360 = f*s. Calculate the greatest common divisor of 30 and s.
30
Let f = 48 + -39. Suppose f*i + 122 - 500 = 0. Calculate the highest common factor of 14 and i.
14
Let o = -6 - -6. Suppose -5*z = 4*q - 206, o*z + 10 = -5*z. Let k be ((-24)/(-10))/((-2)/(-30)). Calculate the greatest common factor of q and k.
18
Let f = -3 + 10. Let l(h) = h**2 - 6*h + 9. Let x be l(f). Suppose -o = -3*r - 16, 0 = -o + 2*r - r + x. What is the highest common divisor of 32 and o?
16
Let n(m) = -m + 6. Let a be n(0). Let i be a + ((-12)/4 - -2). Let j(z) = z**2 + 2*z - 10. Let y be j(5). What is the highest common factor of y and i?
5
Let q = -76 + 76. Suppose q = -5*z + 60 + 160. What is the greatest common divisor of 22 and z?
22
Let s be -1 - -4 - (-118 + -2 + 2). Calculate the highest common divisor of 33 and s.
11
Suppose -5*m = r - 17, 0 = 2*m + 2*r - 4 - 6. Let p = -8 + 14. Suppose 186 = 3*z - 3*l, m*z - p*l + l = 190. What is the greatest common factor of 12 and z?
12
Let p(y) = -y**2 - 24*y + 30. Let o be p(-10). What is the highest common factor of o and 10?
10
Let d = 234 - 142. What is the greatest common divisor of 2116 and d?
92
Let g = 848 - 804. Calculate the highest common factor of 484 and g.
44
Let b(h) = -18*h + 200. Let i be b(10). Calculate the greatest common divisor of 860 and i.
20
Let r(u) = -7*u - 4. Let z be r(-1). Calculate the greatest common factor of 12 and z.
3
Suppose 0 = -10*b + 15020 - 5150. What is the highest common divisor of b and 21?
21
Let u be 12*((-40)/(-12) - 4). Let k be (-9 - -12)*u/(-6). Calculate the highest common divisor of 4 and k.
4
Suppose 4*j - 897 = 5*l, j - 231 = -13*l + 12*l. What is the highest common divisor of j and 12?
12
Suppose -6*m - 3*m + 720 = 0. What is the highest common factor of m and 30?
10
Suppose 8 = -0*t + 4*t. Let c be -66*(-7)/(7/t). Let w be (-4)/10 - (-372)/30. What is the greatest common factor of c and w?
12
Suppose -19*c + 294 = 123. Suppose 4*m = 234 + 54. Calculate the highest common divisor of m and c.
9
Suppose 0 = -28*f + 33*f - 65. What is the greatest common factor of 2197 and f?
13
Suppose -3*c = 5*a + 38, -2*c - a - 22 + 6 = 0. Let i be ((-3)/c)/((-2)/(-936)). What is the greatest common divisor of i and 26?
26
Let y(v) = 16*v - 5. Let c be y(6). Suppose -103*i = -134*i - 1519. Let g = c + i. What is the highest common factor of 14 and g?
14
Let n be (-378)/(-78) + 2*3/39. Suppose -n*k - p = -839, -5*p = 2*k + 72 - 403. Calculate the highest common divisor of 21 and k.
21
Let j = -26 + 56. Suppose -2*b - 2*a + j = -0*a, 0 = -3*b + 2*a + 45. Let h = 47 - b. Calculate the greatest common factor of h and 4.
4
Suppose 0 = 3*v - 2203 + 475. Suppose -g + 13*g = v. What is the highest common factor of g and 12?
12
Let b be (330 + 2)/2 + -4. Suppose g - 3*o = 154, 5*o - 146 = -2*g + b. Let q be (g/33)/((-2)/(-3)). Calculate the greatest common factor of q and 35.
7
Suppose 0 = -t + 6*t - 4*w - 33, 0 = t - 2*w - 9. What is the highest common factor of t and 1585?
5
Let g = 1047 + -1044. What is the highest common divisor of g and 69?
3
Let s(m) = -5*m**2 - 78*m - 19. Let a be s(-15). What is the greatest common divisor of 247 and a?
13
Suppose m - 4*m = -90. Let n be 44/3*m/4. What is the highest common factor of 44 and n?
22
Let x(w) = 2*w + 91. Let s be x(16). Calculate the greatest common divisor of 164 and s.
41
Let b(l) = 3*l + 42. Let t be b(-6). What is the highest common divisor of t and 72?
24
Let y(s) = s**3 + 2*s**2 + s + 78. Let c be y(0). Let n = 110 - c. Calculate the highest common divisor of 80 and n.
16
Let f be -2*(-9)/6 - 1. Let w be (-4)/(-16) + 278/8. Suppose w = -h + f*h. Calculate the highest common divisor of 7 and h.
7
Let r(l) = -3*l**2 + 22*l + 96. Let q be r(10). Let o be 6/(-8) + (-2)/8. Let p = 17 + o. Calculate the highest common divisor of p and q.
16
Let x(c) = c**3 - 30*c**2 + 57*c - 22. Let d be x(28). What is the greatest common divisor of d and 10?
2
Let b(f) = -2*f**2 - 22*f + 1. Let d be b(-11). Suppose -4*o = -44 + 172. Let x be o/(-20) + 4/10. What is the greatest common divisor of d and x?
1
Let s = 43 + -82. Let k = 49 + s. What is the greatest common divisor of k and 10?
10
Suppose -3*l + 2*u = -3*u - 5, 0 = -3*l + u + 25. Let j be (-2615)/(-15) + 1/(-3). Let z be j/18 + (-2)/(-6). Calculate the highest common factor of l and z.
10
Let p be ((-2)/(-4))/(5/60). Let f = p - -1. Let o be (-8